-4). Let q be 21/(-84) + a/4. What is the greatest common factor of 4 and q?
4
Let n(r) = 129*r**3 - 14*r**2 + 22*r + 4. Let i be n(2). Calculate the highest common factor of 32 and i.
32
Let b(d) = 2*d + 8 - 5 - 3*d**2 + 3 + 8*d - d**3. Let p be b(-7). Suppose 2*m - p = -m. Calculate the highest common divisor of m and 4.
4
Let a(i) = i**3 + 12*i**2 + 4*i + 15. Let c = -49 + 17. Let h = 21 + c. Let v be a(h). What is the greatest common factor of 23 and v?
23
Let u be 5/(2 - 25/15). Suppose 0 = -5*v - u, 4*m = -m - 3*v + 156. Calculate the highest common factor of 297 and m.
33
Let j be (-3)/(-15) - (-14)/5. Suppose 0 = -0*i - j*i + 132. Let n(t) = 18*t - 7. Let s be n(1). Calculate the highest common factor of s and i.
11
Let f = 1 - -40. What is the greatest common factor of f and 41?
41
Let f(i) = -i**2 - 2*i + 9. Let r be f(-4). Let t be (34 + 7)/(r/3). Let v = t - 38. Calculate the highest common factor of v and 34.
17
Suppose -58 = 3*r + 32. Let t be (170/r)/(1/3). Let i = 28 + t. Calculate the highest common factor of 11 and i.
11
Let i = -3510 - -3550. Suppose b + 30 = 2*b. Calculate the greatest common divisor of i and b.
10
Suppose -60 = 3*q - 8*q. Let m(p) = -p + 5. Let w be m(5). Suppose 2*c = -5*j + 430, 3*c - 15 + 0 = w. Calculate the highest common factor of j and q.
12
Let v(r) = r - 1. Let z = -5 + 10. Let b be v(z). Let c be (-7 - 1)/((-46)/11 - -4). What is the highest common divisor of b and c?
4
Let o be (6/5)/((-17)/(-85)). Let t be (-1 + -53)/((72/(-6))/o). Calculate the greatest common divisor of t and 189.
27
Let c be (16/(-16))/(0 + 1). Let z be 11/(c - 6/(-3)). Calculate the greatest common factor of 143 and z.
11
Let c(o) = -o**2 + 9*o + 9. Let l be c(6). Calculate the greatest common divisor of 6 and l.
3
Let h(y) = -y**3 - 5*y**2 + y + 3. Let f be h(-8). Suppose 2*q - 3 - 3 = 0. Let j be (-2 + q)/(1/17). What is the highest common factor of f and j?
17
Let s(n) = 2*n + 59. Let w be s(-17). What is the greatest common factor of w and 10?
5
Let w be 169 + 0/(0 + 1). Suppose 0*u - 89 = u. Let q = w + u. What is the highest common factor of q and 10?
10
Suppose 0 = 2*g - 2*z - 1350, -3*g - z + 940 = -1069. What is the highest common factor of 11 and g?
11
Suppose c + 3*c - 4*l - 1568 = 0, 0 = -5*c + 3*l + 1956. Calculate the highest common factor of c and 13.
13
Suppose -2*k - 90 = -5*q + 147, 4*k + 145 = 3*q. Calculate the highest common factor of q and 1.
1
Suppose -8*h = -13*h + 25. Suppose 8*v - h*v - 72 = 0. Let j(p) = 4*p - 4. Let l be j(4). What is the greatest common divisor of v and l?
12
Let b = 108 - 63. Suppose x + 2 = 2*x. Suppose d - b = -x*d. What is the highest common factor of 5 and d?
5
Suppose 0 = 3*h + 3*f + 1 - 4, 3*h + 5*f + 1 = 0. Suppose -3*t + 9 = -6, -4*w = 5*t - 69. Suppose -l + 13 = w. What is the greatest common divisor of h and l?
1
Let w(d) be the second derivative of -1/2*d**3 + 3*d + 5*d**2 + 0 + 1/12*d**4. Let y be w(-6). What is the greatest common divisor of y and 160?
32
Suppose 3 = -4*l - 1. Let r(b) = b**3 + 4*b**2 - 4*b - 3. Let i be r(-4). Let x = i - l. What is the highest common divisor of x and 2?
2
Suppose 9 = 2*m - 5*m. Let k be (625/15)/(-5)*m. What is the greatest common divisor of k and 25?
25
Suppose 0 = -l + 3*l - 32. Let s = 65 + 47. What is the greatest common factor of l and s?
16
Let l(g) = -g**2 - 29*g - 114. Let d be l(-8). What is the highest common factor of 1728 and d?
54
Suppose -5*c - 5*o + 670 = 0, -c + 5*c - 532 = -2*o. Calculate the highest common divisor of c and 12.
12
Let d be (14 - 9)*3/5. Let x = -2 + d. What is the highest common divisor of x and 2?
1
Suppose o - 5 + 54 = -w, 0 = -5*o. Let g = w - -194. Suppose -2*m + g = -493. Calculate the greatest common factor of m and 29.
29
Suppose 4*h - 1 = -4*x + 35, 4*x + 5*h - 39 = 0. Calculate the highest common divisor of 57 and x.
3
Suppose -2*k - 3*a + 105 = 0, 2*a + 186 = 250*k - 246*k. Let f be -12*(0 + (-6 - -2)). Calculate the highest common divisor of k and f.
48
Suppose -120*x = -124*x + 2*n + 434, -n = -3. Suppose 0*b - 55 = -5*b. Calculate the highest common factor of x and b.
11
Suppose -7*h + 10*h + q - 181 = 0, q + 179 = 3*h. What is the highest common divisor of h and 195?
15
Let t = -513 - -539. What is the highest common factor of 91 and t?
13
Suppose -333*y = -323*y - 700. What is the highest common factor of y and 60?
10
Let m(g) = 8*g**2 + g - 2. Let i be m(1). Suppose 0 = -2*c - i*c + 144. What is the highest common factor of c and 64?
16
Let p be (-28 - -1)*(-60)/(-9). Suppose -2*l + 579 = -5*m, 2*l + 132 = -m - 3*l. Let d = m - p. Calculate the highest common divisor of d and 9.
9
Suppose -3*p - 10 = 2*p. Let b be 1 + 3 + 4/p. Let y = 35 - 19. Calculate the highest common divisor of b and y.
2
Let l be (1 + -2)*(-3 - -3)/(-2). Suppose -3*b + 4*z + 55 = 0, -4*b - 2*z + 7*z + 72 = l. What is the highest common divisor of 39 and b?
13
Let d be -1*3*((-184)/(-12) - -3). Let p = d - -62. Suppose -2*z + 27 = -43. What is the highest common factor of p and z?
7
Let d be (-4)/2*-2*1. Suppose -d*y = 4*k - 140, 2*y - 61 = -3*k + 39. What is the greatest common divisor of k and 6?
6
Let w be -1*(-3)/9 + 136/6. Suppose -18*j - 60 = -w*j. Let m = 34 + -10. Calculate the greatest common factor of m and j.
12
Let t(j) = j**3 + 7*j**2 + 5*j + 7. Let k be t(-5). Let y(i) = 4*i**2 + 9*i - 5. Let f be y(-7). Calculate the highest common divisor of f and k.
32
Let f(w) = w**3 - 11*w**2 + 1. Let m be f(11). Suppose -2*q = 2*q - 28. Let c be q/(-4 + (4 - -1)). What is the greatest common factor of c and m?
1
Let m(l) = -5*l - 26. Let u be m(-11). Suppose 11 = 5*c - u. Calculate the greatest common factor of c and 4.
4
Let l be ((-54)/4)/((-4)/(-8)). Let z = -8 - l. Let u = z + -11. What is the highest common factor of 88 and u?
8
Suppose 0 = 2*n - 3*r - 2656, 9*n - 9277 = 2*n + r. What is the highest common divisor of 53 and n?
53
Suppose -140 - 1060 = -6*i. Calculate the highest common divisor of i and 75.
25
Suppose p + 0 = -5. Let s be (-112)/(-10) - (-1)/p. Suppose -c - 2 = -s. What is the greatest common factor of c and 45?
9
Let s be (-4 - 21/(-3)) + -7. Let g be ((-3)/2 - -2)*0. Let k be 16/((-8)/s) - g. What is the highest common factor of k and 72?
8
Let r(i) = -i**3 + 8*i**2 - i + 10. Let j be r(6). Suppose -7*x - j - 36 = 0. Let l = 25 + x. Calculate the greatest common factor of l and 9.
9
Suppose 0*x + 12 = x - t, 5*t = -20. Let j = 76 + -76. Suppose j = -2*y + x + 2. Calculate the greatest common factor of 5 and y.
5
Let j = -2490 - -2565. What is the greatest common factor of 1185 and j?
15
Suppose m = 3 + 1. Suppose -m*v + f + 4*f + 625 = 0, 2*f = 2*v - 314. Suppose -10*z = -6*z - v. What is the greatest common divisor of z and 60?
20
Let v = -552 - -1081. Let s = v + -349. Let j(p) = -5*p - 118. Let r be j(-38). What is the greatest common divisor of s and r?
36
Suppose 2*w - 8 = 0, 0*j + j - 13 = 3*w. Let v be 3610/j - 2/5. What is the highest common factor of v and 16?
16
Let f = -4474 + 4589. Suppose 20 = -4*n, 2*n - 4*n = g + 80. Let b = -24 - g. What is the highest common divisor of f and b?
23
Suppose -o + 72 = 3*o. Let s = 19 - o. Suppose a + s = -5*j + 9, 0 = -5*j + 5. What is the greatest common factor of a and 3?
3
Let j(s) = 3*s**2 - 23*s - 46. Let g be j(10). Calculate the greatest common divisor of 2568 and g.
24
Let q = -29 - -44. Suppose -i = -m - 6, -i + 5*m = -0*i - 6. Calculate the greatest common divisor of q and i.
3
Let y = -385 + 589. Suppose 2*v = -v + y. Calculate the highest common factor of v and 51.
17
Suppose 5*q - 6 = -4*j + 85, 4*q + 52 = 2*j. Let b = 47 - 23. What is the highest common divisor of j and b?
24
Suppose 0 = -m + q + 40, 0 = 4*m + 5*q - 34 - 144. Suppose 4*s + 24 = 3*y + 7*s, s + 28 = 5*y. What is the greatest common factor of m and y?
6
Let i(q) = -1703*q**3 + 22*q + 21. Let m be i(-1). What is the greatest common divisor of m and 74?
74
Suppose 8 = -4*z, 4*f + 3*z - 135 = 3*f. Let p = 38 - -46. Let q = f - p. Calculate the highest common divisor of q and 19.
19
Let n(z) be the first derivative of z**2 - 3*z + 1. Let b be n(5). Let h = -5 + 12. What is the greatest common divisor of b and h?
7
Suppose -6*q - 2*l - 42 = -9*q, 3*q - 36 = 4